d derivative of 11*i**6/120 - i**5/30 + i**3/6 - 2*i**2. What is v(-1)?
-12
Let j(w) = -18 - w + 31 - 14. Determine j(1).
-2
Suppose -3*s + 6 = -0*s. Let v(k) = 3*k**2 - 2*k + 3 - 2 - 2*k**s. Determine v(3).
4
Let i(t) = 3 - 4 - t - 2 + 8. What is i(6)?
-1
Suppose 0 = 2*p - x + 2*x - 1, 0 = 3*x + 9. Let l(k) = 3*k + p*k - 1 - 4*k. Let o(g) = -g**3 - 4*g**2 - 2*g - 5. Let b be o(-4). Determine l(b).
2
Let z(j) be the second derivative of -j**3/6 + j**2/2 + j. Suppose 0*v - 3*v = 0. Suppose -s - 2*s + 6 = 3*d, v = -4*s + d + 8. Give z(s).
-1
Let q = 23 - 28. Let b(a) be the third derivative of -a**4/8 - 5*a**3/6 - 2*a**2. Determine b(q).
10
Let f(s) = -28 - s**2 - 23 + s + 56. What is f(6)?
-25
Let i(x) = -20*x**2 - 14*x + 3. Let l(p) = -7*p**2 - 5*p + 1. Let u(k) = -6*i(k) + 17*l(k). Calculate u(-2).
5
Suppose 0 = s - 4*r - 2 - 4, -r = -4*s + 24. Let i(o) = o**3 - 6*o**2 - 2*o + 6. Give i(s).
-6
Let n(g) = -g**2 - 2*g - 2. Let q = -7 - -7. Let a(y) = 5 - y - 5 - 1 + q*y. Let b be a(3). Calculate n(b).
-10
Suppose -77 = z - 86. Let v(j) = j**2 - 10*j - 4. Determine v(z).
-13
Suppose -3*l - 24 = -7*l. Let c(i) be the second derivative of -i**3/6 + 68*i. Determine c(l).
-6
Let y(u) = -7 - 2*u + 3*u**3 - 3*u**3 + u**3 + 5*u**2 - 4*u. Let b(k) = -k - 17. Let a be b(-11). Give y(a).
-7
Let u(w) = w**3 - 6*w**2 - 6*w - 3. Suppose 2*k + k = 54. Suppose -19*v + 7 = -k*v. Give u(v).
4
Let k(u) = -2*u + 10. Let v be k(6). Let m(r) = -2*r**2 + 1. What is m(v)?
-7
Let s(t) = 6*t**2 - 2*t - 1. Let r(y) = 15*y**2 + 1. Let c be r(-1). Let b = c + -17. What is s(b)?
7
Let b(m) be the second derivative of -m**5/20 + 7*m**4/12 - m**3 + 2*m**2 - m. What is b(6)?
4
Let o be 2/21 + 208/21. Suppose -2*s = -4*n + 8, 3*n + 4*s - 10 = -2*n. Let t(c) = -2*c + 3 - 2*c + 5*c - 4*c**2 + o*c**n + c**3. Give t(-6).
-3
Let i(n) be the second derivative of -n**6/120 + n**5/40 + n**4/3 + 8*n. Let z(x) be the third derivative of i(x). What is z(2)?
-9
Suppose 4*g + 14 = 4*l + 2*g, 2*g = -l + 11. Let p(x) = -x**2 + 5*x + 3. Give p(l).
3
Let b(t) be the third derivative of 1/24*t**4 + 0*t - 4*t**2 + 0 - t**3. Calculate b(6).
0
Let j(p) = p**2 + p - 5. Let y be (-2)/15 - 10/(-75). What is j(y)?
-5
Let o(p) = 3*p**3 + 9*p**2 + 12*p + 19. Let z(u) = 2*u**3 + 6*u**2 + 8*u + 13. Let n(x) = 5*o(x) - 7*z(x). What is n(-3)?
-8
Let b(f) = -f**2 + 4. Suppose 3*r + 0 = -24. Let l be r/36 - 20/(-9). Suppose l*w + 8 + 7 = -3*d, -4*d - 20 = -2*w. Calculate b(w).
4
Let y(d) = -5*d + 10 + 2*d + 2*d - 18. Calculate y(-4).
-4
Suppose 3*y - b = -13, 34 = -3*y + 4*b + 9. Let v(s) = s**3 + 5*s**2 + 3*s - 1. What is v(y)?
8
Let j = 2 - 0. Suppose 20 = 4*z - 3*c, -z - j*c - 18 = 3*c. Let i(t) = 1. Let w(q) = q - 1. Let s(l) = i(l) - w(l). Give s(z).
0
Let q(v) be the first derivative of -v**4/4 - v**3/3 - v**2/2 + 6*v + 9. What is q(0)?
6
Let k(q) = q**3 - 3*q**2 - 4*q - 3. Let w(p) = -p**2 + 3*p + 0*p + 4 + 0*p**2. Let a be w(3). Calculate k(a).
-3
Suppose -9*u - 2*u = 44. Let p(c) = c**2 + 3*c + 6. What is p(u)?
10
Let u(m) be the first derivative of 3*m**2 + 1. Suppose 0 = -5*b - i - 24, 3*b + 4 = 4*b - 2*i. Let w = 3 + b. Give u(w).
-6
Let s(m) = -2*m**2 + 17*m + 3. Let c(f) = -f**2 + 8*f + 1. Let u(a) = -5*c(a) + 2*s(a). Suppose 3*j - d - 16 = 0, -2*j + 1 = -5*d - 1. Determine u(j).
1
Suppose u = 4*a + 12, 0*a + 4*u + 8 = 2*a. Let f(i) = -i - 2. What is f(a)?
2
Let i be (1/(-2))/(2/4). Let a = 17 - 18. Let t = a + i. Let h(j) = -j**3 + j. Give h(t).
6
Let a(w) = -w**2 - w - 1. Suppose y = 2, -2*f + y = -4*y. Suppose -f*m = 20, -3*m - 12 = k + 3. Let o = k - -2. Determine a(o).
-1
Let u(k) = k**3 + 5*k**2 + 4*k - 5. Let i be ((-8)/(-6))/((-1)/(-3)). Let x(d) = -3*d**3 + 5*d**2 + 4 + 0*d**3 + 2*d**3 + d - 7*d. Let z be x(i). Give u(z).
-5
Let m(f) be the third derivative of f**6/120 - f**5/12 + 5*f**4/24 - f**3/3 + f**2. Determine m(4).
2
Let o = 45 + -31. Let q be 4/o + 120/(-28). Let u(w) = -4 + 0 - 3*w + w. What is u(q)?
4
Let p be -2 - -5*(-1)/(-1). Suppose 1 = -p*o - 2. Let f(i) = -2*i**3 + 2*i**2 - 2. Let n(g) = 5*g**3 - 5*g**2 + 5. Let j(t) = 8*f(t) + 3*n(t). Determine j(o).
1
Suppose 3*x = -13 + 28, 20 = -2*z + 4*x. Suppose z = -0*f + 2*f. Let d(w) be the first derivative of -w**2/2 - 10*w + 1. What is d(f)?
-10
Let x be 2 + (23 - (3 + -2)). Let l be (6/12)/(2/x). Let m(o) = 2 + 11*o - l*o + 0*o. Determine m(-2).
-8
Let z(p) be the first derivative of -4*p**3/3 + p**2/2 + p + 2. Let q(w) = -3*w**2 + 2. Let c(f) = 3*q(f) - 2*z(f). Determine c(-5).
-11
Let g(o) = 1. Let q(c) = -c**2 - 2*c + 5. Suppose j - 1 = 2*a - a, 5*j - 5 = -a. Let w(x) = j*q(x) - 5*g(x). Give w(-4).
-8
Let z be (8/(-10))/((-2)/10). Suppose 0 = -2*b + z*b + 10. Let g(h) be the first derivative of 3*h**2/2 + 6*h + 1. Calculate g(b).
-9
Let x(r) = -4*r. Suppose -4*k + g + g = 2, -2*k - 2*g = 16. Give x(k).
12
Let v(x) = -x**2 + 6*x + 3. Suppose 6 = 8*i - 6*i. What is v(i)?
12
Let q(v) = 4*v - 1. Let s = -1 - -5. Suppose 0 = -s*h - 1 + 5. Determine q(h).
3
Suppose -4*t + 0*t = 4, x - 10 = 3*t. Suppose 2*k + x = 17. Let v = -7 + k. Let w(y) = -y**2 - y. Give w(v).
-2
Let d(y) = -y + 2. Let f(q) = 2*q - 4. Let j be f(0). Give d(j).
6
Let y be 476/(-77) + (-2)/(-11). Let s(l) = -l - 4. Determine s(y).
2
Suppose 6*w + 12 = 2*w. Let d = -4 - -6. Let f(y) = y**3 - 4*y + y**d - 2 + 1 + y**2. What is f(w)?
2
Let k(z) = -z - 6 + 2 - 3. Give k(-7).
0
Let j(f) = f - 1. Let u be j(0). Let v(l) be the second derivative of 2*l**3/3 - 2*l. What is v(u)?
-4
Let r(w) = -3*w - 1. Let p be r(-1). Let u(x) = -3 + 0*x**2 - 3*x**2 + x + 2*x**p + 2*x**2. What is u(0)?
-3
Let d(p) = -p - 17. Let f be (1 - -2 - 3)/1. Give d(f).
-17
Let v(h) be the second derivative of 5/2*h**2 + 0 + 1/20*h**5 + 5/12*h**4 - 4*h + h**3. Determine v(-4).
-3
Let g(y) = 8*y + 5. Let u(p) = 15*p + 9. Let k(b) = 11*g(b) - 6*u(b). Let r = 4 - 1. Give k(r).
-5
Let t(l) be the first derivative of -l**4/4 + 5*l**3/3 - 2*l**2 - l - 6. Calculate t(3).
5
Let n(l) = l - 5. Let d be n(5). Let u be (2 + -3)/(-1 + d). Let m(b) = 0 + 1 + b + u. Determine m(-5).
-3
Let i(k) = -4 - 3 - 4 - 6*k + 14 + k**2. Suppose 2*q - 20 = -2*q. What is i(q)?
-2
Suppose -4*l - 8 = -2*l. Let j(r) = -r**2 - 5*r + 2. Let m be j(l). Let s(d) = -d**2 + 5*d. What is s(m)?
-6
Let h(i) = -i**2 + 8*i - 6. Suppose -b + 5*b - 20 = 0. Determine h(b).
9
Let f(o) be the first derivative of o**3/3 - o**2/2 + o + 6. Calculate f(3).
7
Let f(k) be the first derivative of 2*k**3 + 2*k**2 - k + 2. Let p(m) = -7*m**2 - 5*m + 1. Let c(t) = -6*f(t) - 5*p(t). Calculate c(1).
1
Let o = -57 - -52. Let j(v) = -v**3 - 5*v**2 + v - 1. Calculate j(o).
-6
Let u(i) be the first derivative of i**2/2 + 3*i + 6. Determine u(5).
8
Let f(i) be the first derivative of -i**4/4 + 2*i**3 + 4*i**2 - 7*i + 1. Let j be f(7). Suppose j = -3*h - 2*h - 20. Let n(g) = g**2 + 4*g - 5. What is n(h)?
-5
Let l = 2 - 5. Let q be (-2 + -2)*13 - 0. Let z be 2/l - q/(-12). Let p(y) = -y - 2. What is p(z)?
3
Let n(g) = 5*g - 8*g + 2*g**2 + 4*g - 1 - 3*g. Give n(-1).
3
Let w(j) be the second derivative of j**4/12 + j**3 - 5*j**2 + 18*j. What is w(-7)?
-3
Let z(u) = u**2 + 5*u - 7. Suppose 3*a + 6 = 5*a. Let f be a/(-4 - -1) - 5. Calculate z(f).
-1
Let v = -13 - -21. Let x(i) = -5*i - 12. Let a(h) = 17*h + 32. Let w(z) = 6*z + 11. Let n(u) = 3*a(u) - 8*w(u). Let b(k) = v*n(k) + 5*x(k). Give b(5).
-1
Let y(f) = f - 4*f - 2 + 0*f - 1. Calculate y(-5).
12
Let f(y) = -2*y**3 + 15*y**2 - 6*y - 11. Let p be f(7). Let n(j) = -j**2 - 5*j + 1. Determine n(p).
5
Let a(f) = 43*f**3 - f**2 - f - 5. Let t(v) = 11*v**3 - 1. Let u(r) = -2*a(r) + 9*t(r). Suppose s = -17 + 16. Determine u(s).
-12
Let x(n) = n - 2. Let p be ((-4)/10)/((-2)/90). Suppose -2*f - f - p = 0. Let q = f + 8. Calculate x(q).
0
Let r(a) = -3. Let j(o) = -o + 2. Let f(q) = 3*j(q) + 2*r(q). Calculate f(-1).
3
Let x(y) = -y**3 + y**2 - y + 1. Let k(p) = p**3 + p**2 - 4. Let f(s) = k(s) + 2*x(s). Let m = -2 + 4. What is f(m)?
-2
Let k(m) = -4*m - 6. Suppose n = 1 - 6. What is k(n)?
14
Let q(f) = 2. Suppose -16 - 4 = 4*a. Let k(o) = -o - 4. Let r(l) = -l**3 + 3*l**2 - 2*l + 4. Let b be r(3). Let x(i) = a*q(i) + b*k(i). Give x(-2).
-6
Let z(x) = -x**3 - 4*x**2 + 4*x + 2. Let l(j) = 0 - j**3 - 1 - 8*j + 9 +